te the greatest common divisor of 462482804 and 2047.
2047
Calculate the highest common factor of 480725 and 765475.
1675
What is the highest common divisor of 55253 and 86427?
11
Calculate the greatest common divisor of 62 and 76654.
2
What is the highest common factor of 72857487 and 6477?
381
Calculate the highest common divisor of 1875663 and 254.
127
What is the greatest common divisor of 23750 and 127625?
125
What is the greatest common factor of 100333282 and 882?
98
What is the highest common divisor of 956 and 1647034084?
956
Calculate the highest common divisor of 29827 and 39473.
7
Calculate the greatest common factor of 20581 and 262952211.
1871
What is the highest common divisor of 1417 and 50846211?
1417
What is the highest common divisor of 713583 and 2633163?
4173
What is the highest common factor of 122811 and 789126?
2613
Calculate the highest common divisor of 5190 and 845797.
173
Calculate the greatest common factor of 331016 and 102286.
514
Calculate the highest common factor of 18 and 3323607.
3
Calculate the highest common factor of 6510 and 882323085.
3255
Calculate the greatest common divisor of 42444 and 26724.
1572
Calculate the greatest common divisor of 2 and 17260594.
2
Calculate the greatest common factor of 628 and 1613753074.
314
What is the highest common divisor of 15 and 353540535?
15
Calculate the highest common factor of 3187576 and 728.
56
What is the greatest common divisor of 229976 and 35872?
152
Calculate the greatest common divisor of 855 and 113895.
45
What is the greatest common factor of 861730 and 10370?
170
Calculate the greatest common divisor of 2278 and 537098.
34
What is the highest common divisor of 49017436 and 14748?
4916
Calculate the greatest common divisor of 266 and 102092206.
38
What is the greatest common divisor of 80807116 and 104?
52
Calculate the highest common divisor of 486360 and 18335.
965
Calculate the highest common divisor of 47658 and 57724836.
3666
What is the greatest common factor of 8269422 and 336?
42
Calculate the greatest common factor of 277191 and 5496811.
1621
What is the greatest common divisor of 11895 and 2979240?
915
Calculate the highest common divisor of 111578495 and 70.
35
Calculate the highest common factor of 28685965 and 3080.
385
What is the greatest common factor of 51216177 and 111?
111
Calculate the highest common factor of 966 and 13125042.
966
Calculate the greatest common factor of 46 and 9818.
2
Calculate the highest common divisor of 523 and 33799398.
523
Calculate the highest common divisor of 189 and 22757427.
63
What is the highest common factor of 23 and 2043482288?
23
Calculate the greatest common factor of 36 and 131774.
2
What is the greatest common factor of 37259440 and 180?
20
What is the greatest common factor of 799 and 439280?
17
What is the greatest common divisor of 5094253 and 3139?
43
What is the greatest common factor of 101365 and 106970?
95
Calculate the highest common divisor of 1150788 and 17548.
164
Calculate the highest common divisor of 5485813 and 8771.
179
Calculate the highest common factor of 12060 and 1061012.
268
Calculate the greatest common factor of 5929 and 139632185.
847
Calculate the greatest common divisor of 1771 and 36599486.
1771
What is the highest common divisor of 561846 and 328947?
87
What is the highest common factor of 45758347 and 149?
149
What is the highest common divisor of 4454 and 8053225?
131
What is the greatest common divisor of 44377980 and 1140?
60
What is the highest common factor of 39536 and 6356?
28
Calculate the greatest common divisor of 694474 and 374.
22
What is the greatest common divisor of 64928895 and 1665?
555
What is the greatest common divisor of 412250 and 62662?
3298
What is the greatest common divisor of 5740 and 106885975?
1435
What is the greatest common factor of 1564 and 1427564?
92
Calculate the highest common factor of 91647 and 377281.
17
Calculate the highest common factor of 1821629 and 39197.
2063
What is the greatest common factor of 1389607000 and 25?
25
Calculate the greatest common factor of 30362 and 2069138.
646
Calculate the highest common divisor of 164 and 31361023.
41
Calculate the highest common divisor of 12232 and 1392919.
1529
What is the highest common factor of 3456 and 93782016?
3456
What is the greatest common divisor of 12 and 16607212?
4
Calculate the highest common divisor of 128459439 and 477.
477
Calculate the greatest common factor of 3246479 and 1.
1
What is the highest common factor of 471636456 and 15084?
5028
Calculate the greatest common factor of 119 and 1678670.
7
Calculate the highest common divisor of 58333050 and 18.
18
Calculate the greatest common divisor of 11537020 and 20900.
220
Calculate the highest common divisor of 7681476 and 32.
4
What is the greatest common divisor of 224 and 19166?
14
What is the highest common divisor of 992 and 196702192?
496
Calculate the greatest common divisor of 22 and 5918050.
2
What is the greatest common divisor of 116281 and 23064?
961
What is the highest common factor of 28377 and 87187807?
1051
Calculate the greatest common divisor of 137104 and 669448.
328
Calculate the highest common divisor of 23 and 2443833904.
23
What is the highest common factor of 330 and 144928410?
330
What is the highest common divisor of 25000 and 33720?
40
Calculate the greatest common divisor of 17587 and 2139035.
43
Calculate the highest common factor of 568530 and 1464.
6
What is the greatest common factor of 3334 and 237892569?
1667
What is the highest common factor of 177632 and 183?
61
What is the highest common divisor of 26336 and 4601312?
32
What is the highest common factor of 318087 and 630?
63
What is the highest common divisor of 10472 and 1388016?
952
What is the greatest common divisor of 3948495 and 345?
15
Calculate the greatest common divisor of 54 and 40505238.
54
What is the highest common factor of 1 and 1466177?
1
What is the highest common factor of 1650 and 1543839?
33
What is the greatest common divisor of 127473625 and 12868?
3217
Calculate the highest common divisor of 943278 and 19166.
518
What is the highest common divisor of 2943 and 6110109?
9
What is the highest common divisor of 1805190 and 153330?
570
What is the greatest common divisor of 39418250 and 20?
10
Calculate the greatest common factor of 2374498 and 1414.
14
What is the highest common divisor of 120190 and 5290?
10
Calculate the greatest common factor of 23 and 22254823.
23
Calculate the greatest common divisor of 771463144 and 5648.
2824
What is the greatest common divisor of 259830 and 9330?
30
What is the highest common divisor of 55826 and 3049292?
542
Calculate the greatest common factor of 80623108 and 387.
43
Calculate the highest common factor of 12054 and 3360168.
42
What is the greatest common divisor of 3034 and 1052502?
74
Calculate the greatest common factor of 29970108 and 1624.
812
What is the greatest common factor of 342108 and 581919?
1677
What is the highest common factor of 703296 and 303215?
407
Calculate the highest common factor of 117580 and 1835.
5
What is the greatest common divisor of 362498 and 43466?
422
What is the highest common divisor of 2877699 and 638?
319
What is the highest common divisor of 64872095 and 15?
5
Calculate the highest common divisor of 53847 and 3793222.
5983
Calculate the highest common divisor of 15757457 and 1529.
139
What is the highest common divisor of 20620245 and 15?
15
What is the greatest common factor of 3 and 14672847?
3
Calculate the greatest common divisor of 3647109 and 1233.
3
What is the greatest common factor of 1136 and 5126626?
142
Calculate the greatest common divisor of 1414178 and 8.
2
Calculate the greatest common divisor of 5 and 18279395.
5
Calculate the greatest common divisor of 699647388 and 29.
29
Calculate the highest common divisor of 15349905 and 29367.
2259
What is the greatest common factor of 462592 and 494?
26
Calculate the greatest common divisor of 82618 and 430268.
818
What is the highest common factor of 18 and 241392?
6
What is the greatest common divisor of 41583955 and 7990?
3995
Calculate the greatest common factor of 21744 and 477261.
9
Calculate the greatest common divisor of 755424 and 72928.
1376
Calculate th